 4*z - 2*j - 2 - 24. Let x(k) = 22*k - 86. Let n be x(z). What is the highest common factor of 126 and n?
2
Suppose -2349 - 5679 = -59*b + 1117. Let w be (-5)/(-2 + 2/2). What is the greatest common divisor of b and w?
5
Let t be 15300/(-42)*((-41 - -28) + 7 + -1). What is the greatest common divisor of t and 1200?
150
Suppose -8288 = -3*h - h. Suppose 0 = 14*s - h + 70. What is the greatest common factor of s and 13?
13
Suppose 4*y - 11054 - 350 = 0. Suppose 2*a - 5*a + 1709 = 2*f, 5*a - y = -4*f. Calculate the greatest common factor of 27 and a.
27
Let z = 104 + -194. Let o be (z/(-4))/9*2. Suppose 3*g - 322 - 658 = 4*d, 3*d - 1614 = -o*g. Calculate the highest common factor of g and 12.
12
Suppose -1080 = -3*q + y - 171, 5*y = -5*q + 1535. Calculate the highest common divisor of 1634 and q.
38
Let g be (-405)/10*560/(-120). What is the greatest common divisor of g and 2781?
27
Let l(s) = 7*s - 3. Let z be l(1). Suppose 33 = 5*o + 2*t, 0*o - z*o + 32 = 3*t. Let b be -3 - 0/(-2) - -48. Calculate the highest common factor of o and b.
5
Let l be (-16)/6*12/8. Let r be 2 + 3 - (l - -2). Suppose 5*h = 4*h + 91. Calculate the highest common divisor of h and r.
7
Suppose -8408 = -41*y + 103317. Calculate the greatest common divisor of y and 5.
5
Let a = 123 + -123. Suppose 3*h - 5*s = 42, -3*h + a*s - 2*s + 21 = 0. Let n be 2046/27 + 2/h. What is the greatest common divisor of 19 and n?
19
Suppose f + 5*x = 4*f + 16, 2*f + 10 = 4*x. Let l be -4 + (6 + f)*-34. What is the highest common divisor of 48 and l?
6
Suppose 2*c - 5*v = -2*v - 56, -3*c + 4*v = 86. Let w = 183 - c. Let f be (-1 + 63)*1/2. Calculate the highest common divisor of w and f.
31
Suppose 108*l - 49*l = 71*l - 1236. What is the greatest common divisor of 2 and l?
1
Let s be (2/66)/((-14)/(-9618)) - (-2)/11. Calculate the greatest common factor of 448 and s.
7
Suppose 3*t - 5*p = 321, t = -2*p + 52 + 77. What is the greatest common factor of 5239 and t?
13
Let o = 17 - 17. Let u(d) = d**2 - 2*d + 3. Let i be u(o). Suppose -4*b = 3*k + 1 - 19, 0 = -i*k + 6. What is the highest common divisor of b and 12?
3
Let n = -2571 - -2578. What is the highest common divisor of 427 and n?
7
Let k(r) = r**3 + 20*r**2 + 41*r + 529. Let t be k(-16). What is the highest common divisor of 207 and t?
69
Let c be (-24)/(2*(-1)/(-6)). Let n(t) = t**2 + 2*t - 51. Let r be n(-13). Let u = c + r. What is the highest common divisor of 100 and u?
20
Let k = 5 + 0. Suppose 0*g + k*z = g - 9, -3*z = 2*g + 8. Let v be g*(2 - 3) + 17. Calculate the highest common factor of 6 and v.
6
Let u = -4216 + 4227. What is the greatest common divisor of u and 187?
11
Suppose 3*t = -k + 42, 4*t = 7 - 3. Let o = k - 87. Let r = 57 + o. What is the greatest common factor of r and 3?
3
Let k be 6 - (2 + 0/2). Suppose 4*w - 5 = 7, -k*b + 101 = -w. Calculate the greatest common factor of b and 494.
26
Let s be (-6)/10 + 2753/25*5 + 10. What is the highest common divisor of s and 32?
16
Let c(o) = -34*o - 111. Let g be c(-16). Let p = g + -397. Calculate the highest common divisor of 342 and p.
18
Let m be 0/1*(33/6 - 5). Suppose m = 3*f - 2*h - 82 - 535, 2*f + 2*h = 418. Let i = 58 - 35. Calculate the highest common factor of i and f.
23
Suppose -3*q + v = -17, -21 + 18 = 4*q - 5*v. What is the greatest common factor of q and 29576?
8
Let r = -11856 + 11868. What is the greatest common divisor of r and 300?
12
Suppose -2*k + 4*s + 406 = 0, s = -3*k - 2*s + 600. Suppose -29*o + 25*o = -20. Suppose -k = o*n - 721. Calculate the highest common divisor of 13 and n.
13
Let l be 6/15 + (-1419)/(-165) - 5*-5. Calculate the greatest common divisor of l and 44234.
34
Suppose 12 = -2*f + 56. Let q be ((-4)/(-10))/((-1)/15). Let y be (2/(-3))/(2/q). Calculate the highest common divisor of y and f.
2
Let p(q) = -626*q + 12. Let s be p(-2). What is the highest common factor of s and 16?
16
Suppose 0 = 47*v - 65*v + 83592. Calculate the greatest common divisor of 1419 and v.
129
Let i = 37 - -29. Let k(g) = -g**3 - 10*g**2 - 19*g - 13. Let p be k(-8). Suppose -f = p*f - 72. What is the highest common divisor of f and i?
6
Let j be (-2320)/200*(-45)/2. Calculate the highest common factor of 58 and j.
29
Let i(b) = -7*b**2 - 127*b - 239. Let m be i(-16). Calculate the greatest common factor of m and 2261.
1
Let m(c) = 12*c**2 + 11*c - 21. Let d be m(3). Let k be 2/4*-4 - -36. Let j be (-3)/(-3)*k + -4. What is the highest common divisor of j and d?
30
Let t be (4802/3087)/(1/747). Calculate the highest common factor of t and 238.
14
Let v(x) = x**3 - 9*x**2 + 62*x + 26. Let o be v(17). Calculate the greatest common divisor of o and 53.
53
Suppose 4*z + 104 - 584 = 3*d, 5*z - 4*d - 601 = 0. Calculate the highest common factor of z and 3393.
117
Let v = -525 - -700. Let d be (-3)/((2/40)/(80/(-64))). What is the greatest common factor of d and v?
25
Suppose 0 = -5*y + 2*y + 4*k + 737, 4*k + 8 = 0. Let q be ((-21)/(-6) - 2) + (3 - (-414)/92). Calculate the highest common divisor of y and q.
9
Suppose -y - 5987 = -18*n + 16*n, y = -3*n + 8998. What is the greatest common divisor of 37 and n?
37
Let a be (-12*(-4)/16)/(6/4). Suppose 2*r + 2 = a*l - 18, 0 = 5*r - 15. Calculate the greatest common factor of l and 247.
13
Suppose -25*k + 7*k = -36. Let x be 64/k*(-1)/12*-6. Calculate the greatest common divisor of 208 and x.
16
Suppose -2111 + 359 = -6*l. Suppose 5*f - l = 3*r, 4*f - 10 = -f. Let b = r - -184. What is the highest common factor of 18 and b?
18
Let x = 25408 + -25372. Let h = 16 + -4. Calculate the highest common factor of h and x.
12
Suppose -6*u + 4 = -2*u. Let h be u + 240/11 + (-28)/(-154). Suppose -185 = -9*c - h. Calculate the highest common divisor of 2 and c.
2
Suppose -114*k + 119*k - 5*v - 52070 = 0, -3*k - 2*v = -31272. What is the greatest common factor of 80 and k?
20
Suppose 3*u - 855 = -5*m, 1140 = 2*u + 2*u + 5*m. Let d = -31085 + 31142. Calculate the highest common divisor of u and d.
57
Let j = 388 + -233. Let c = -107 + j. Let i = c + -3. What is the highest common divisor of i and 225?
45
Suppose 4*m + 0 - 20 = 0. Let d = -3238 + 3248. Calculate the highest common factor of m and d.
5
Suppose 3*r - 2*o + 488 = 0, -2*o + 483 = -5*r - 333. Let p = 515 + r. Calculate the greatest common factor of 27 and p.
27
Let y be (1785 - 0) + 27 + (-420)/14. Calculate the highest common factor of 77 and y.
11
Suppose 4*j - 3499 = 2*z + 1459, -3*j - 4*z = -3724. Calculate the highest common factor of 4712 and j.
248
Let m(j) = 3*j**3 - 11*j**2 + 18*j + 44. Let l be m(7). Calculate the greatest common divisor of l and 2475.
165
Let z = -44 - -144. Let b = -1 + z. Suppose -5*j + 13 = -42. What is the greatest common factor of j and b?
11
Suppose 3*r + 2*h - 18 = 20, 4*h + 52 = 2*r. Let w be (-66)/(-48)*3 - 2/r. Let d be (-3)/((-6)/(-8)*w/(-42)). What is the greatest common divisor of 7 and d?
7
Suppose -4*s + 2896 = 3*x, -635*s = -x - 634*s + 956. What is the highest common factor of 570 and x?
30
Let b = 868 + -436. Let z = -885358 - -885406. Calculate the greatest common factor of b and z.
48
Let v = -242 - -244. Let g be 2 - 2 - (-1 + -1). Suppose g*r - 10 = 0, -v*w - r + 30 = 5. What is the greatest common divisor of w and 10?
10
Let h(o) = -161*o - 1002. Let z be h(-10). What is the highest common factor of z and 874?
38
Let q = -6496 + 7414. Calculate the highest common divisor of 3834 and q.
54
Suppose 1040 = 4*z - b - 2376, z - 5*b - 835 = 0. Calculate the greatest common divisor of 190 and z.
95
Let z be (2/3)/((364/12870)/7). Calculate the highest common divisor of 528 and z.
33
Let r be ((-66)/9)/((-7)/(-21)) - 4. Let s = 28 + r. What is the greatest common divisor of 8 and s?
2
Suppose 0 = -3*u - 2*z + 23, -u + 4*z - 10 = -3*u. Suppose 0 = 2*p - 14, -100 + 763 = 4*l - 3*p. What is the highest common divisor of u and l?
9
Suppose 26*t - 48 = 160. Calculate the highest common divisor of t and 2.
2
Let h(v) = 3*v - 17. Let x = 47 + -38. Let t be h(x). Suppose -t*m + 104 + 346 = 0. Calculate the greatest common factor of m and 15.
15
Let t = 3378 + -3264. Calculate the highest common divisor of t and 722.
38
Let n = -53 + 55. Suppose -i - i - 4 = 0, n*v - i - 6 = 0. Suppose 2*x - 2*r - 3*r - 28 = 0, v*x - 3*r = 20. Calcula